 p?
2, 11
Suppose 82 = -3*x - 0*a + 2*a, -110 = 5*x + 2*a. What are the prime factors of (-136)/x + 2/6?
2, 3
Let q be 2/5 + (-316)/(-10). Suppose 5*a + 2 = q. Suppose 0 = 4*y + 2*n - a - 30, 0 = -n + 2. What are the prime factors of y?
2
Suppose -17 - 8 = -5*w. Suppose y + w*f = 4*y - 62, 4*y - 3*f = 68. Suppose -2*x = z + 4*z - y, 3*x - 7 = -4*z. What are the prime factors of z?
2
Let t = -5 + -24. Let o = t + 70. Suppose -o + 6 = -5*c. What are the prime factors of c?
7
Suppose -p = -6*p + 10. Suppose -5*q + 2*q + 3*o = 0, -p*o = -5*q. Suppose q = 2*w - 4 - 16. What are the prime factors of w?
2, 5
Let x = -120 - -218. List the prime factors of x.
2, 7
List the prime factors of 4*1/14 - (-446)/7.
2
Let i = -11 - -20. Let b = -6 + i. List the prime factors of b.
3
Let p be (12/8)/((-2)/(-4)). Let x(w) = w**3 - 2*w**2 - w - 1. What are the prime factors of x(p)?
5
Let k = -63 + 93. Let s = k - 17. What are the prime factors of s?
13
Let y(d) = d**2 + 8*d + 3. List the prime factors of y(-9).
2, 3
Suppose -5*l = -3*f - f + 13, 3*f - 8 = 2*l. Suppose f*r + r = 9. Suppose -15 = -d - r. List the prime factors of d.
2, 3
Let k(h) = h**2 - h + 1. Let c be k(2). Suppose -c*n + 17 = 2. List the prime factors of n.
5
Suppose 2 = -0*s - s, -5*f - 4*s + 242 = 0. List the prime factors of f.
2, 5
Let c = 614 + -364. What are the prime factors of c?
2, 5
Let p be 3 - -2*(1 + 1). Let d = p - -13. What are the prime factors of d?
2, 5
Let i(s) = -s**3 - 2*s**2 + 3*s + 9. List the prime factors of i(-4).
29
Let b = -1 - 2. Let a be ((-2)/(-1))/(2/16). What are the prime factors of -2 + b/((-6)/a)?
2, 3
Let m(a) = 6*a - 7. Let x(c) = -3*c + 4. Let j(u) = 4*m(u) + 9*x(u). Let i be j(-8). Suppose -i = -3*s + 4. What are the prime factors of s?
2, 3
What are the prime factors of ((-6)/(-3))/((-1)/(-2))?
2
Let z = -228 + 617. List the prime factors of z.
389
Let t(r) = -r**3 - 4*r**2 - 4*r - 1. List the prime factors of t(-4).
3, 5
Suppose 12 + 3 = 5*p. Let c = -23 + 12. What are the prime factors of c/(-1) - (p + -5)?
13
Suppose -5*f = 5*t + 100, 5 + 5 = -2*f. What are the prime factors of (-141)/t + (-4)/10?
3
Let r(w) = w + 8. Let h be r(0). Suppose -s + h = -2*n + s, -22 = -2*n - 4*s. Suppose -m = -10 - n. What are the prime factors of m?
11
Let o(t) be the third derivative of t**5/60 + 5*t**4/24 + t**3 - t**2. Let u be o(-4). Let v(y) = 2*y**2 - 4*y + 3. What are the prime factors of v(u)?
3
Suppose -17 = i - 59. Suppose y + y = -2*h + i, -5*h + 104 = 4*y. What are the prime factors of h?
2, 5
Let g(p) = p + 9. Let n(f) = f**3 + f**2 + 2*f + 2. Let l be n(-2). What are the prime factors of g(l)?
3
Let d(j) = -5*j. Let q(u) = -u**3 + 9*u**2 - 8*u - 1. Suppose 8 - 24 = -2*a. Let p be q(a). What are the prime factors of d(p)?
5
Suppose -3*p = -p + 5*c - 2, -5*p = 3*c - 5. List the prime factors of (p + -3)/(4/(-26)).
13
Suppose -4*w + 4*d + 144 = 0, 0 = -2*w + d - 3*d + 92. List the prime factors of w.
41
Let m(p) be the first derivative of -p**4/4 + 8*p**3/3 - 7*p**2/2 - 5*p + 1. Let q be m(10). What are the prime factors of q/(-20) - (-3)/(-4)?
13
Let m be (-18)/15*(-20)/6. Suppose 6*j - 2*j + 3*u = -10, -2*j = -5*u - 8. Let x = m + j. List the prime factors of x.
3
Suppose 2*l + 3*o = -73, 109 = -3*l + 2*o - 6*o. Let c = l + 54. Suppose -c - 1 = -2*t. What are the prime factors of t?
2, 5
Let q(v) be the second derivative of 3*v**3/2 - 7*v**2 - 5*v. What are the prime factors of q(7)?
7
Suppose -3*t = -5*y + 148, 4*y + 2*t = y + 85. Suppose v + f + 2 = 0, -2*f + 11 - y = -5*v. List the prime factors of v.
2
Let r be (10/(-5))/((-2)/6). What are the prime factors of (27 + -1)*3/r?
13
Suppose 3*v = 57 + 15. Let x be (v/15)/(2/5). What are the prime factors of x/((-2)/(-1)) - -5?
7
Let s(b) = -7*b**3 - 6*b**2 - 4*b - 2. List the prime factors of s(-2).
2, 19
Let v(n) = n**3 + 5*n**2 + 4*n + 5. Let a be v(-5). Let g = 29 + a. List the prime factors of g.
2, 7
Let b = -18 - -35. Suppose -10 = -3*d + b. What are the prime factors of d?
3
Let p(b) = b**2 - 8. Let q = -9 - -3. What are the prime factors of p(q)?
2, 7
Suppose 4*s = -0*s + 24. Let h(a) = 2*a + 9. List the prime factors of h(s).
3, 7
Let a be 1*-4*(-1)/2. Let f = a + 0. Suppose 0 = j - f*v - 16, j + 3*j - 49 = 3*v. What are the prime factors of j?
2, 5
Let l(b) be the second derivative of b**3/6 + b**2/2 - 7*b. What are the prime factors of l(4)?
5
Suppose -4*m - s + 104 = 0, s = -0*s. Suppose -4*w - 3*o + 20 = 0, o - 6*o + m = 3*w. Suppose -22 = -w*g - 4. What are the prime factors of g?
3
Suppose 2*r - 2*u = 6, -3 = -2*u + 1. Let w be 43 - (4 + 2 + -10). Suppose -r*a - 4*g + w = 0, 5*g + 5 = 2*a - 27. List the prime factors of a.
11
Let i(o) = o**3 - 12*o**2 - 5*o - 28. List the prime factors of i(13).
2, 19
Let n = -7 + 31. List the prime factors of n.
2, 3
Let o(p) = p**3 + 6*p**2 + 5*p + 3. Let q be o(-5). Suppose 3*t = -q*k + 45, 2*k + 21 = 5*t - 26. What are the prime factors of t?
11
Let i(l) = 4*l + 1 + l**2 + 3*l**2 - 2*l**2. List the prime factors of i(-3).
7
Let w(b) be the second derivative of -b**3/6 + 2*b**2 + b. Let s be w(7). What are the prime factors of (s - -1)/(1/(-2))?
2
Let c(k) = k + 6. Let j be c(0). Suppose -4*s + j + 6 = 0. What are the prime factors of s?
3
Suppose 4*n + n = -r + 13, 2*n - 1 = r. List the prime factors of r.
3
Suppose -3*d + 8 + 4 = 3*w, -3*d + 9 = 2*w. Suppose 5*a - w*a - 5*y + 23 = 0, 2*a = -3*y + 17. Let c = 6 + a. What are the prime factors of c?
7
Let x(r) = 15*r + 21. List the prime factors of x(3).
2, 3, 11
Suppose m = 13 + 21. What are the prime factors of m?
2, 17
Let q be (1/(-2))/((-1)/4). Let g(n) = n**2 - n - 1. Let a be g(0). What are the prime factors of a/(q + 22/(-10))?
5
Suppose 4*r + 3 = -3*d - 9, 2*r - d - 4 = 0. Suppose 5*k + 23 - 143 = r. What are the prime factors of k?
2, 3
Suppose 5*u = -f + 169 - 54, -f + 133 = -4*u. List the prime factors of f.
5
Let y = -43 + 70. List the prime factors of y.
3
Let b = 42 + -18. What are the prime factors of (b/(-15))/(1/(-10))?
2
Let n(h) = h + 11. Let p be n(-6). Suppose 4*b + 50 = p*b. List the prime factors of b.
2, 5
Suppose z - 4 + 1 = 0. Suppose -z*d = 2*k + 24, -k - k - 4*d - 28 = 0. List the prime factors of (-94)/(-18) + k/27.
5
Suppose 15 = 3*q - 0. Suppose 3*m + 2*p - 91 = 0, -q*m + 0*m + 139 = -3*p. List the prime factors of m.
29
Let n(x) = -39*x**3 + x**2 + x + 1. Let p be n(-1). Let r(o) = -o - 2. Let f be r(-4). Suppose 4*j - 4*b - 12 = p, f*j - 34 = 4*b. List the prime factors of j.
3
Suppose 2*h + 7*a - 3*a - 12 = 0, h = -4*a + 12. Suppose -y = -h*y, 4*b - 88 = y. List the prime factors of b.
2, 11
Let t(h) = -h. Let z be t(-4). Let s = 5 - 7. What are the prime factors of (s/3)/(z/(-36))?
2, 3
Let r(p) = -5*p**2. Let s be r(1). Let u = 12 + -25. Let t = s - u. What are the prime factors of t?
2
Let i(x) = -x + 5. Let g be i(5). Suppose 3*t - f = -g*f + 4, -10 = -2*f. Suppose -t = -d, -d - 30 = -4*j + 3. What are the prime factors of j?
3
Suppose 6*g = 3*g + 207. List the prime factors of g.
3, 23
Let y be 0 + -2 - 111/(-3). Let r = -18 + y. List the prime factors of r.
17
Let c = -6 + -1. Let h = -4 - c. List the prime factors of -2 + -8*(-3)/h.
2, 3
Let j(v) = v + 3. Let f be j(4). Let k = f - -2. List the prime factors of k.
3
Suppose -4*a = -2*d + 4, -2*a = -3*d + 6*d - 14. Suppose -l = -d - 2. Let f = l - 3. List the prime factors of f.
3
List the prime factors of (0 + -1)/(12/(-3672)).
2, 3, 17
Let d(m) = -m**3 + 12*m**2 - 9*m - 18. Let s be d(11). Let q(l) = -2 + 4*l + 3 - 4. What are the prime factors of q(s)?
13
Suppose -189 = -5*d - 2*j, 5*j = -0*d - 4*d + 158. List the prime factors of d.
37
Let k = 144 + -97. Suppose -4*n = -k - 69. What are the prime factors of n?
29
Let h = 24 + -16. Let u = h - 7. List the prime factors of u/2*12/3.
2
Let z(w) = 7*w**2 + 1 + w**3 + 1 + 0*w - 8*w. Let m be z(-8). Suppose m*r - 5 - 1 = 0. List the prime factors of r.
3
Let i(r) = r**3 + 2*r**2 - 3*r - 6. What are the prime factors of i(4)?
2, 3, 13
Let w(k) = k**3 - 5*k**2 + 5. Let f be w(4). Let n = f - -21. List the prime factors of n.
2, 5
Suppose x - 3*m = 1 + 9, -10 = 5*x + 5*m. What are the prime factors of x + -2 - (-84)/6?
13
Suppose o + 8 = 22. Suppose 2*q + 4*f = 30, -